mon divisor of 180 and 13410?
90
What is the greatest common factor of 66 and 318?
6
What is the highest common factor of 918 and 4794?
102
Calculate the highest common factor of 684 and 108.
36
What is the greatest common factor of 504 and 616?
56
Calculate the greatest common factor of 636 and 444.
12
Calculate the greatest common factor of 24 and 276.
12
Calculate the highest common divisor of 39 and 12.
3
Calculate the greatest common factor of 245 and 5.
5
Calculate the highest common divisor of 5 and 22.
1
Calculate the highest common divisor of 202 and 38986.
202
What is the highest common divisor of 198 and 330?
66
What is the highest common divisor of 72 and 56?
8
What is the highest common factor of 17980 and 348?
116
What is the highest common factor of 3750 and 15?
15
What is the highest common divisor of 323 and 136?
17
What is the highest common factor of 1184 and 32?
32
Calculate the greatest common factor of 17 and 51.
17
What is the highest common divisor of 55 and 565?
5
Calculate the greatest common divisor of 5 and 13.
1
Calculate the greatest common divisor of 55 and 485.
5
Calculate the greatest common factor of 720 and 450.
90
What is the greatest common factor of 5750 and 2530?
230
Calculate the greatest common factor of 884 and 52.
52
Calculate the highest common factor of 813 and 12.
3
Calculate the highest common factor of 2603 and 380.
19
What is the highest common divisor of 48 and 2416?
16
Calculate the greatest common divisor of 464 and 2436.
116
Calculate the highest common divisor of 900 and 100.
100
Calculate the greatest common divisor of 6 and 93.
3
What is the greatest common factor of 9 and 5277?
3
What is the highest common factor of 121 and 11?
11
What is the highest common factor of 34 and 9622?
34
What is the highest common factor of 1056 and 330?
66
Calculate the greatest common factor of 9 and 43.
1
What is the greatest common divisor of 1022 and 112?
14
What is the greatest common factor of 35 and 15?
5
Calculate the highest common divisor of 3007 and 31.
31
Calculate the highest common divisor of 99 and 3333.
33
What is the highest common factor of 656 and 246?
82
What is the highest common factor of 784 and 80?
16
What is the greatest common factor of 900 and 90?
90
Calculate the greatest common divisor of 111 and 2072.
37
What is the highest common factor of 2540 and 120?
20
Calculate the highest common factor of 156 and 48.
12
Calculate the highest common divisor of 5628 and 603.
201
Calculate the highest common factor of 36 and 306.
18
Calculate the highest common factor of 374 and 714.
34
Calculate the highest common factor of 5709 and 99.
33
Calculate the highest common divisor of 12 and 20556.
12
Calculate the highest common divisor of 134 and 49982.
134
Calculate the highest common factor of 1521 and 18.
9
What is the greatest common divisor of 652 and 9943?
163
What is the greatest common divisor of 51 and 21?
3
Calculate the greatest common divisor of 30 and 405.
15
Calculate the highest common factor of 10 and 190.
10
Calculate the highest common factor of 142 and 355.
71
Calculate the greatest common divisor of 2 and 2.
2
Calculate the greatest common factor of 17 and 765.
17
Calculate the highest common divisor of 341 and 11.
11
What is the highest common divisor of 76 and 551?
19
What is the greatest common divisor of 34098 and 6?
6
Calculate the highest common factor of 198 and 429.
33
Calculate the greatest common divisor of 18 and 522.
18
What is the greatest common factor of 4148 and 2684?
244
Calculate the highest common divisor of 7168 and 14.
14
What is the highest common divisor of 11 and 583?
11
Calculate the greatest common factor of 134 and 5494.
134
Calculate the greatest common factor of 656 and 41.
41
Calculate the greatest common divisor of 45 and 45.
45
Calculate the greatest common divisor of 33 and 297.
33
Calculate the greatest common factor of 15 and 40.
5
Calculate the highest common factor of 101706 and 138.
138
What is the highest common factor of 192 and 72?
24
What is the highest common divisor of 28 and 3535?
7
What is the highest common factor of 250 and 5450?
50
What is the greatest common divisor of 17 and 1?
1
Calculate the greatest common divisor of 6 and 126.
6
Calculate the highest common factor of 6750 and 350.
50
Calculate the greatest common factor of 3174 and 69.
69
What is the highest common divisor of 88 and 72?
8
Calculate the highest common factor of 43 and 387.
43
Calculate the highest common divisor of 9 and 15597.
9
What is the greatest common divisor of 1062 and 2242?
118
Calculate the greatest common factor of 300 and 13900.
100
What is the highest common divisor of 2 and 1399?
1
Calculate the greatest common factor of 84 and 264.
12
What is the greatest common factor of 185 and 310?
5
Calculate the highest common divisor of 2369 and 92.
23
Calculate the highest common factor of 48 and 168.
24
Calculate the highest common factor of 176 and 1034.
22
Calculate the highest common divisor of 572 and 1012.
44
What is the greatest common factor of 19514 and 22?
22
Calculate the greatest common divisor of 306 and 18.
18
What is the greatest common factor of 180 and 1830?
30
What is the highest common divisor of 275 and 770?
55
Calculate the greatest common factor of 320 and 5.
5
Calculate the greatest common factor of 18 and 603.
9
What is the greatest common factor of 2173 and 318?
53
Calculate the highest common divisor of 24 and 156.
12
What is the greatest common divisor of 30 and 810?
30
Calculate the greatest common divisor of 7602 and 168.
42
Calculate the greatest common divisor of 25 and 700.
25
What is the highest common divisor of 9 and 3573?
9
What is the greatest common divisor of 255 and 45?
15
Calculate the greatest common divisor of 95 and 95.
95
Calculate the greatest common factor of 1190 and 42.
14
What is the highest common factor of 444 and 60?
12
What is the highest common divisor of 2601 and 36?
9
Calculate the highest common factor of 1792 and 192.
64
Calculate the greatest common factor of 6 and 78.
6
Calculate the greatest common factor of 2766 and 12.
6
What is the greatest common divisor of 6006 and 1078?
154
What is the highest common factor of 34 and 3077?
17
What is the highest common divisor of 6305 and 291?
97
Calculate the highest common divisor of 91 and 21.
7
Calculate the highest common divisor of 40 and 40.
40
Calculate the greatest common factor of 15659 and 7.
7
Calculate the highest common factor of 14844 and 12.
12
What is the greatest common factor of 238 and 1694?
14
Calculate the greatest common divisor of 81 and 99.
9
What is the greatest common divisor of 64 and 1136?
16
Calculate the greatest common factor of 60 and 165.
15
Calculate the greatest common factor of 3175 and 100.
25
What is the greatest common divisor of 50 and 1270?
10
Calculate the highest common divisor of 946 and 4.
2
Calculate the greatest common divisor of 285 and 30.
15
What is the highest common divisor of 18 and 81?
9
What is the greatest common factor of 1341 and 12?
3
What is the highest common divisor of 9 and 1413?
9
Calculate the highest common divisor of 82 and 1927.
41
Calculate the greatest common divisor of 1339 and 13.
13
Calculate the greatest common divisor of 124 and 13392.
124
Calculate the highest common divisor of 16 and 296.
8
Calculate the highest common factor of 24 and 1212.
12
Calculate the highest common divisor of 71 and 1846.
71
What is the highest common factor of 14885 and 195?
65
What is the highest common factor of 585 and 345?
15
Calculate the highest common factor of 840 and 910.
70
Calculate the highest common divisor of 1421 and 49.
49
What is the greatest common divisor of 945 and 21?
21
Calculate the highest common divisor of 106 and 1272.
106
Calculate the highest common factor of 52 and 260.
52
Calculate the highest common factor of 244 and 610.
122
Calculate the highest common factor of 220 and 1639.
11
Calculate the greatest common factor of 70 and 65.
5
What is the greatest common factor of 189 and 35?
7
Calculate the greatest common divisor of 2223 and 342.
171
Calculate the greatest common factor of 18031 and 247.
247
Calculate the highest common divisor of 5761 and 35.
7
What is t